on factor of 6020 and 18991595.
1505
What is the highest common divisor of 262605 and 64001?
287
What is the greatest common factor of 10087517 and 7667?
451
What is the highest common divisor of 11546 and 26132614?
502
Calculate the greatest common divisor of 23378569 and 38.
19
What is the highest common factor of 4119 and 90943401?
4119
What is the greatest common divisor of 10206 and 98079012?
162
What is the greatest common factor of 224 and 14864976?
112
Calculate the greatest common factor of 3058839 and 1855569.
6333
Calculate the highest common divisor of 11373 and 660631033.
3791
Calculate the greatest common divisor of 24164 and 166363099.
6041
Calculate the greatest common factor of 437167803 and 142.
71
Calculate the greatest common factor of 411 and 104280427.
137
Calculate the greatest common factor of 744514241 and 1754.
877
What is the highest common divisor of 2060 and 1048849?
103
What is the greatest common factor of 6917367 and 645?
129
Calculate the greatest common divisor of 32357883 and 2101.
191
What is the highest common factor of 778447269 and 36?
9
What is the highest common factor of 319105 and 2128?
19
What is the greatest common factor of 27845970 and 222?
6
What is the greatest common divisor of 32148 and 1494036?
1692
Calculate the greatest common factor of 11673 and 3195.
9
Calculate the highest common factor of 207639 and 74286.
9
What is the highest common factor of 210672 and 736288?
2128
What is the highest common factor of 1521382 and 13430?
158
Calculate the highest common divisor of 480 and 5183456.
32
What is the greatest common divisor of 2616 and 97546716?
1308
Calculate the greatest common divisor of 1141010207 and 103.
103
Calculate the greatest common divisor of 856527 and 14889.
21
What is the highest common factor of 947310 and 505050?
2730
Calculate the highest common factor of 9693 and 75749.
359
What is the greatest common factor of 107 and 99830251?
107
Calculate the greatest common factor of 43873625 and 5.
5
Calculate the greatest common factor of 320619804 and 60.
12
Calculate the highest common factor of 65743332 and 60.
12
Calculate the highest common divisor of 107468 and 60551.
401
Calculate the greatest common divisor of 3886 and 2086927.
29
What is the greatest common divisor of 46870629 and 1158?
579
Calculate the greatest common divisor of 39843585 and 3540.
885
What is the highest common factor of 1892761 and 351?
13
What is the greatest common divisor of 279787 and 4788053?
5279
What is the highest common factor of 598 and 6770686?
26
What is the greatest common divisor of 224 and 73984912?
16
Calculate the highest common factor of 39306 and 750.
6
What is the highest common factor of 14738044 and 1157?
89
Calculate the highest common factor of 12389 and 536432.
13
What is the highest common factor of 253 and 207385158?
23
What is the greatest common factor of 18745 and 68599202?
3749
Calculate the highest common factor of 364 and 9064601.
91
What is the greatest common divisor of 32 and 1933464?
8
What is the greatest common divisor of 14750305 and 5367?
1789
Calculate the greatest common factor of 1370 and 1175225730.
1370
What is the greatest common divisor of 12847565 and 125?
5
What is the greatest common factor of 53169 and 1998888?
111
What is the highest common factor of 220409 and 4403?
259
What is the greatest common factor of 9086 and 2396639?
413
What is the greatest common divisor of 935496 and 69174?
3294
What is the greatest common divisor of 88 and 58432072?
8
Calculate the greatest common factor of 21789444 and 356728.
4148
Calculate the greatest common divisor of 8765468 and 5249.
181
Calculate the highest common divisor of 199395 and 13720455.
945
What is the highest common factor of 47 and 967942?
1
What is the greatest common divisor of 20 and 91246840?
20
What is the greatest common divisor of 7260 and 5144018?
22
Calculate the highest common factor of 788187 and 261671.
23
Calculate the highest common factor of 95041695 and 10.
5
Calculate the greatest common factor of 2020 and 91700.
20
What is the greatest common divisor of 18487 and 2552179?
973
What is the highest common divisor of 1667 and 42653529?
1667
Calculate the greatest common factor of 126 and 15534.
18
Calculate the highest common divisor of 9733531 and 7337.
667
Calculate the highest common factor of 65456 and 178864.
16
What is the highest common divisor of 497143 and 12976?
811
What is the highest common divisor of 10 and 37935550?
10
Calculate the highest common factor of 28992 and 1296486.
906
What is the greatest common factor of 16 and 69260540?
4
Calculate the greatest common factor of 9006 and 18717470.
3002
Calculate the highest common factor of 147317 and 32920.
823
What is the highest common factor of 1889 and 17929?
1
Calculate the highest common factor of 1696803 and 20928.
327
What is the highest common divisor of 30697997 and 2398?
1199
What is the highest common divisor of 2063746 and 21046?
1238
Calculate the greatest common divisor of 13206552 and 9384.
408
Calculate the highest common factor of 1644442 and 500.
2
Calculate the highest common factor of 3713 and 38091244.
47
What is the highest common divisor of 45070164 and 3272?
1636
What is the highest common factor of 22396 and 94204?
44
Calculate the greatest common divisor of 5583 and 12397982.
1861
Calculate the greatest common factor of 3336900 and 5.
5
What is the greatest common factor of 18069 and 84961389?
951
Calculate the highest common divisor of 4096 and 15148.
4
What is the greatest common divisor of 1177374 and 814?
22
What is the highest common factor of 299939 and 8?
1
Calculate the highest common divisor of 210838 and 3201859.
389
Calculate the highest common divisor of 493971 and 5705723.
7159
What is the greatest common factor of 65132 and 158308?
76
Calculate the highest common factor of 75 and 13201275.
75
Calculate the highest common factor of 1488551 and 9591.
139
Calculate the highest common divisor of 6 and 5351478.
6
Calculate the greatest common divisor of 6749 and 86835413.
397
Calculate the highest common factor of 231 and 5412363.
33
Calculate the highest common divisor of 4608792 and 95.
19
What is the greatest common factor of 168608358 and 22410?
4482
What is the highest common factor of 435033592 and 552?
184
What is the highest common divisor of 4738482 and 54?
18
What is the highest common divisor of 1501525 and 15861?
17
Calculate the highest common factor of 180240234 and 24.
6
What is the highest common divisor of 4 and 77983804?
4
Calculate the highest common divisor of 12549206 and 215.
43
What is the greatest common factor of 2822607 and 1917?
27
Calculate the greatest common factor of 1020109552 and 22.
22
What is the highest common factor of 1480877 and 6579?
43
What is the greatest common divisor of 29551 and 163125?
29
Calculate the greatest common divisor of 520376 and 41296.
232
Calculate the greatest common factor of 24028 and 20994.
2
Calculate the greatest common divisor of 265 and 366472263.
53
Calculate the greatest common factor of 3270 and 166875.
15
What is the highest common factor of 18 and 274540908?
6
What is the greatest common factor of 4125 and 723750?
375
What is the highest common divisor of 54112 and 742368?
608
Calculate the greatest common divisor of 20 and 130965420.
20
Calculate the greatest common factor of 167 and 85077983.
167
What is the greatest common factor of 669920 and 127730?
530
Calculate the highest common factor of 1148 and 11510660.
28
Calculate the highest common divisor of 4059924 and 132.
132
Calculate the highest common factor of 6078098 and 38.
2
Calculate the greatest common factor of 17169 and 1128729.
177
Calculate the highest common divisor of 3012876 and 2015148.
6564
Calculate the greatest common factor of 2 and 13765734.
2
Calculate the greatest common divisor of 15800 and 736280.
3160
What is the highest common divisor of 125928 and 11968?
88
What is the greatest common factor of 2228 and 230593544?
2228
What is the greatest common divisor of 12869452 and 12?
4
Calculate the greatest common divisor of 4064540 and 230.
10
Calculate the highest common factor of 5231574 and 14706.
342
Calculate the highest common divisor of